i + z*k - 1236, 5*i = 2*k + 3054. What is the hundreds digit of i?
6
Let h = -9611 - -11729. What is the tens digit of h?
1
Let o(h) = 1464*h + 3330. What is the units digit of o(22)?
8
Let i(z) = z**3 + 11*z**2 - 26*z + 15. Let k be i(5). Let d = 901 - k. What is the units digit of d?
6
Let w(g) be the third derivative of -g**6/120 - g**5/30 + g**4/24 + 17*g**3 + 2*g**2. Let o be 176/(-352)*0/(-1). What is the units digit of w(o)?
2
Let r = 99014 - 55794. What is the tens digit of r?
2
Let d(b) = -b**3 - 56*b**2 + 88*b + 310. What is the ten thousands digit of d(-62)?
1
Suppose -11358061 + 2603329 = -343*g. What is the tens digit of g?
2
Suppose 3*y + o + 65 = 4*y, 2*o = 2. What is the hundreds digit of (22/y)/((-1)/(-1038))?
3
Suppose 769 = 14*b - 3347. Let f = -373 - -179. Let q = b + f. What is the tens digit of q?
0
Suppose 2*f + 3*c = 9390, 2*f + 12*c = 11*c + 9390. What is the thousands digit of f?
4
Suppose 4*s + 2*v = 6*v + 108, 0 = -3*s + 2*v + 79. Suppose -k + 6*k - s = 0. Suppose r + 83 = 2*r - k*b, -4*r - 4*b = -236. What is the tens digit of r?
6
Let p be 10/(-85) - (-19)/17. Suppose -5 = -2*m - 43. What is the units digit of (20 + m)/(p/76)?
6
Let b be 236/13 - 2/13. Suppose -b = -3*w + 870. Let g = w + -147. What is the hundreds digit of g?
1
Let r(u) = -4*u**3 - 2*u**2 - 3*u. Let c be r(-1). Suppose c = g - 72. Let x = 151 - g. What is the units digit of x?
4
Suppose 47*w + 58259 + 18853 = 56*w. What is the units digit of w?
8
What is the thousands digit of (-73496)/(-10) - 8/(-3)*48/320?
7
Let v = 29865 + 33613. What is the tens digit of v?
7
Let b(c) = 117*c**2 - 3*c. Suppose -5*i = -7*i - 2. What is the hundreds digit of b(i)?
1
Let q be (200/(-24) + -7)/((-2)/(-6)). Let p = q - -50. Suppose 2*d = -3*u - u + 470, -4 = p*u. What is the units digit of d?
7
Suppose 170*i - 174*i = -96. Suppose 64*t - i*t - 2960 = 0. What is the units digit of t?
4
Suppose 9 = 13*k - 56. Let z be (-2804)/(-6)*(k + -2). What is the hundreds digit of (-15)/(-20) + z/8?
1
Suppose -6 = 4*p - 46. Let i(w) = -25 - 15*w + p*w - w. What is the units digit of i(-10)?
5
What is the units digit of (-64778)/(-8) - (-51)/(-272)*-4?
8
Suppose 2*h - 24 = -5*x + 1, -3*x + 15 = 5*h. Suppose -u + 2*s + 1588 = 6*s, h = -3*u - 4*s + 4804. What is the tens digit of u?
0
Let r = -252 + -170. Let f = r + 612. What is the hundreds digit of f?
1
Let a = -21767 + 30724. What is the tens digit of a?
5
Suppose -13 = -2*d - 3, u = -5*d + 974. Suppose -u*x + 951*x - 2506 = 0. What is the thousands digit of x?
1
Let a = -21574 + 30293. What is the thousands digit of a?
8
Let v(k) = 318*k - 14. Let w(z) = 106*z - 5. Let h(q) = -3*v(q) + 8*w(q). Let g be h(1). Let f = -64 - g. What is the tens digit of f?
4
Suppose -5*g - 3*g + 4120 = -4*g. What is the tens digit of g?
3
Suppose -2362*l - 44604 = -2366*l. What is the hundreds digit of l?
1
Let n(x) = -25*x - 21*x - 19 + 70*x - 22*x. What is the units digit of n(26)?
3
What is the hundreds digit of (5 + (-120)/25)*20 + 13007?
0
Suppose t + 42 = 7*t. Suppose 1 = 22*p - 109. Suppose -p*c - t*c + 324 = 0. What is the tens digit of c?
2
Let j(v) = 21*v - 3. Let u(n) = n. Let g(a) = -j(a) - 3*u(a). Let w be g(-2). Let z = w - -156. What is the units digit of z?
7
Suppose -5*k + 10 = -40. Suppose 2*c = -3*b, 2*b - 3*c - k = -c. Suppose b*j = j + 90. What is the units digit of j?
0
What is the ten thousands digit of 5*7/1*(-28816)/(-56)?
1
Let p = 62204 + -41991. What is the ten thousands digit of p?
2
Suppose 280*h + 2*j = 279*h + 43228, -3*j + 43225 = h. What is the tens digit of h?
3
Let x = 74 - 1187. Let v = -229 - x. What is the units digit of v?
4
Let x be ((-1)/((-5)/(-76)))/((-170)/12325). Let m = x + -286. What is the tens digit of m?
1
Let x(p) = 13*p**2 + 3*p + 13. Let t(l) = 14*l**2 + 2*l + 12. Let v(q) = 3*t(q) - 2*x(q). What is the hundreds digit of v(-4)?
2
Let m(x) = 23*x - 165. Let u be m(8). Let y(q) = -2*q**3 + 38*q**2 + 16*q - 43. What is the tens digit of y(u)?
6
Let g(p) = p**2 + 29*p - 46. Let t be g(-32). What is the units digit of ((t/(-6) - -5) + 4)*870?
0
Let x = -2595 - -2671. What is the units digit of x?
6
Let k(n) = 11*n**2 + 21*n - 1476. What is the ten thousands digit of k(69)?
5
Suppose -5*n - 12 = -32. Let t(v) = -v**3 - 3*v**2 - 8. Let j be t(n). What is the hundreds digit of (-16)/j + 4166/30?
1
Let b(u) be the second derivative of u**4/3 + 7*u**3/6 - 13*u**2/2 + 21*u. Suppose m = 5*m + 3*z - 25, 0 = -3*m + 5*z - 3. What is the tens digit of b(m)?
7
Let b = 9514 + 13511. What is the hundreds digit of b?
0
Let m = 66521 + -10941. What is the ten thousands digit of m?
5
Suppose -5*v = -2*v - 5895. What is the tens digit of 1 - v/(-5)*2?
8
Let j(p) = 7*p**2 - 40*p - 23. Suppose 0 = 2*y, 0 = 3*d - 6*d + 5*y + 39. What is the units digit of j(d)?
0
What is the thousands digit of (-5 - -1)*2923389/(-588)?
9
Let u = -76078 - -113969. What is the tens digit of u?
9
Suppose -4*r = -r + 9, -3*r = 4*o - 67. Suppose -17*d - 496 = -o*d - y, -241 = -d - 4*y. What is the tens digit of d?
4
Let f(y) = 16*y - 1. Let u(d) = 15*d. Suppose 11*r - 9*r = -8. Let g(m) = r*u(m) + 3*f(m). What is the units digit of g(-6)?
9
What is the hundreds digit of (336/(-210))/(4/(-6310))?
5
Let i(y) = 14*y + 80. Let o be (-194)/1649 + (-580)/17*-1. What is the tens digit of i(o)?
5
Suppose 7*n = -3*n - 2590. Let m = -83 - n. Suppose -c = 5*f - m, 5*c - 2*f - 730 = 3*f. What is the tens digit of c?
5
Let v = 274 - -162. Let c = v - -144. What is the tens digit of c?
8
Let p = -78 + 60. Let i be (-4)/p + (6 - (-141)/(-27)). What is the units digit of (-128 + -1)*2*i/(-3)?
6
Let o(b) = -b**3 + 5*b**2 - 4*b - 5. Let p be o(4). Let h be (-16)/40 + (-7)/p. Let d = 3 - h. What is the units digit of d?
2
Let t(i) = 1 - 17*i + i**2 + 11*i + 14*i. Let p be t(-7). Let a(r) = 4*r**2 + 12*r - 7. What is the units digit of a(p)?
5
What is the tens digit of (-18832)/(-96)*(-4 - 92/(-8))*12?
5
Let h(v) = -v**3 + v**2 - 16*v + 15773. What is the thousands digit of h(0)?
5
Let u(a) = -11*a**3 - 31*a**2 + 23*a + 341. What is the hundreds digit of u(-10)?
0
Let f(b) = -b - 9. Let n be f(-8). Let a be ((-12)/(-9))/(n/(-3)). Suppose a*y - 118 - 106 = 0. What is the units digit of y?
6
Let s(o) = 76*o**3 - 70*o**2 + 2*o + 19. What is the tens digit of s(5)?
7
Let b be 4566/(-12)*(5 - 11). Suppose 0 = 2*l + 2*y - 1502, -10*y + b = 3*l - 13*y. What is the units digit of l?
6
Suppose -4*a + 0*l = -4*l - 6580, 2*a = -5*l + 3304. Let q = a + -963. Suppose 0 = s, -4*f + 3*s = -q + 52. What is the hundreds digit of f?
1
Suppose 0 = 9*g - 5*g - 88. Let u(o) = 27*o**2 + 2 - 3 + o + 4*o - g*o**2. What is the hundreds digit of u(-6)?
1
Let u(j) = 3*j**2 + 6*j - 5. Let b(y) = y**2. Let c = 19 + -20. Let f(p) = c*u(p) + 6*b(p). What is the units digit of f(6)?
7
Let d(q) = 905*q**2 - 29*q - 9. What is the hundreds digit of d(-4)?
5
Suppose 0 = l - 4. Suppose -5*g = p - 27, -3*p + 25 = 2*p + 3*g. Suppose l + 14 = p*t. What is the units digit of t?
9
Let v be (62/93)/(2/3). Let t be v*445 + 45/(-9). Let p = -313 + t. What is the tens digit of p?
2
Suppose -1363089 = -60*b + 549471. What is the units digit of b?
6
Let b = 96940 - 42952. What is the tens digit of b?
8
Suppose -8 = q - 4*m, -2*m = 2*q + 3*q + 40. Let u be 1/(1/q*-2). Suppose 5*x = -5*c + 340, 2*x - 62 = -u*c + 216. What is the tens digit of c?
7
Let m(l) = -7*l - 91. Let t be m(-12). What is the tens digit of -4 - 574/(6 + t)?
7
Let b = -62 - -70. Let v = 12 - b. Suppose -5*i + 387 = -2*l, -2*l + v*l + 2 = 0. What is the tens digit of i?
7
Let u be (-4)/(-6) - 20/30. What is the hundreds digit of (u - 52)/(64/(-224))?
1
Let z(i) = -120*i - 1863. Let h be z(-15). Let d be (-1)/(-4) - (-1134)/8. Let r = d + h. What is the units digit of r?
9
Let s = -9908 - -55250. What is the hundreds digit of s?
3
Let g(q) = -30*q**3 - 11*q**2 - 37*q - 186. What is the hundreds digit of g(-4)?
7
Suppose -3*q - 24 = 0, 3*c - 86385 = 5*q + 10975. What is the thousands digit of c?
2
Let n be 12/5 - 2/5. Let r = -2013 + 2279. Suppose -104 + r = n*b. What is the tens digit of b?
8
Suppose 0 = -10*h + 129 + 21. What is the tens digit of ((-110)/99*h)/((-2)/66)?
5
Suppose 5*v - 36 = -4*b, 3*b - 10 = -5*v + 22. Suppose 11*u 